5*l, -l + k - f*k = -3529. Is l a prime number?
False
Suppose -3*b = 4*k - 1, -6*b + b - 3*k + 9 = 0. Suppose -b*q - 4 = -5*a, q - 5*a - 8 = -26. Suppose 0 = -q*d + 6*d + 53. Is d a composite number?
False
Let d be (-48)/(-2) - (4 - (3 - -5)). Suppose -q + 21 = 4*z, -2*z + 3*q = 7*q - d. Is 5/(z + (-507)/127) composite?
True
Suppose 5*a - 105 = -2*t, -5*t - a + 230 = -44. Suppose 0 = 3*l + 8*l - t. Suppose l*o + 489 - 3274 = 0. Is o a composite number?
False
Suppose k = 5*b + 155938, 33*k + b = 38*k - 779570. Is k prime?
False
Let g(v) = v**2 - 8*v + 42. Let q be g(9). Suppose 2*d + 5 = -19. Let i = d + q. Is i prime?
False
Suppose 0 = -4*x + 16, -9454 - 9814 = -4*j - 3*x. Let q = j - 2932. Is q prime?
False
Suppose 0 = -14*x + 15*x + 2*s + 2, x - s - 10 = 0. Is (x/4)/(559635/(-62182) + 9) a prime number?
True
Is 242/(-968)*1*-182564 a prime number?
True
Let c(m) = 4*m + 1893. Let u(l) = -l**2 + l + 56. Let y be u(8). Is c(y) a composite number?
True
Suppose -2*f = 2*d - 7202, 52*f - 5*d + 3601 = 53*f. Is f composite?
True
Is -2 + (1 - -1 - -9 - -373002) prime?
False
Let j = 1114989 - 722186. Is j a prime number?
True
Suppose -3*l = -3*f - 6, 5*l - 23 - 11 = -f. Suppose 5*j = -5*n + 93525, 3*j + 4*n + 56087 = l*j. Is j prime?
True
Suppose 66626 = 9*u + 5*u. Let d = u - 1249. Suppose -4*m + 7*m - d = -3*w, -4*w + 4 = 0. Is m composite?
True
Let s = -96 - -96. Suppose 74*x - 81*x + 3941 = s. Is x a prime number?
True
Is 15 + 14913 + ((-10)/(-8))/((-19)/76) a prime number?
True
Is (-636807)/(-7) + (-790)/553 a prime number?
True
Let t(j) = j**3 + 16*j**2 + 23*j - 24. Let y be t(-14). Suppose -u - 3575 = -2*i - y, 0 = 3*u + 15. Is i a prime number?
False
Let c = 3828777 + 82144. Is c composite?
True
Suppose -6 = -4*o + 6. Suppose o*q - 1440 = -5*w, 3*w - 4*w + 288 = 4*q. Suppose 2*n + w = 2*v + 3*n, 3*n - 429 = -3*v. Is v a prime number?
False
Let q(c) = -c**3 + 14*c**2 + 15*c + 4. Let v be q(15). Suppose -3*g + v*g = 1733. Is g composite?
False
Let i = -567 + 1106. Let p = i - 122. Suppose p + 163 = 4*y. Is y composite?
True
Let d(h) = h**3 - 2*h**2 - 2*h + 1104. Let u be d(0). Let w = 2299 - u. Suppose 0 = 6*t - 11 - w. Is t composite?
True
Suppose 12*z - 17*z + 30 = 5*v, 4*z = 3*v + 3. Suppose -z*x - 9467 = -y, -x = -y + 2*y - 9459. Is y composite?
False
Let t be (1 - (-204)/8)*22. Suppose -q = -v + 67 + t, -v - q + 640 = 0. Let z = v - 286. Is z a prime number?
True
Let t = 3623 - -725. Let y = -1791 + t. Is y prime?
True
Suppose 2*y - 4*r = 0, 4*y + r = y + 21. Is (-4)/(-24)*y - -5 - -1741 composite?
False
Let h(w) be the first derivative of 2*w**3/3 + w**2/2 - 13*w - 44. Let k be h(3). Is (-24364)/(-10) - ((-43)/5 + k) a composite number?
False
Suppose -26*a - 5 = -25*a, 2*g + 5*a - 443973 = 0. Is g a prime number?
True
Let r(w) = 6433*w**3 + 6*w**2 - 4*w + 2. Let a be r(2). Let f = a + -32943. Is f a prime number?
True
Is (2/(-15))/(736/(-1380)) - (-5198193)/12 prime?
False
Is (0 - 93736/36)/(48/54 + -1) a prime number?
False
Let m(v) = -3*v + 20. Let z be m(5). Suppose -3*q = -z*k - 5*q + 14, 31 = 4*k - 5*q. Suppose k*l - 2*x - 5029 = -x, -3*x - 3 = 0. Is l a prime number?
False
Let a(j) = 2*j + 89. Let r be a(-12). Suppose -b - 6 + r = 0. Is b composite?
False
Let p = -45501 + 154658. Is p a prime number?
False
Let k(u) = -u - 4. Let b be k(-3). Let i be ((-2 - b)*-1 + 0)*3. Suppose 5*y - 5*x = 3150, -2*x + i*x + 3154 = 5*y. Is y a composite number?
False
Let h = 6003 + -6478. Let i(v) = -6*v + 6. Let l be i(6). Let t = l - h. Is t a composite number?
True
Let o = -47 - -50. Suppose 12347 = o*d + 3110. Is d composite?
False
Let f(t) = 14*t**3 + 210*t**2 + 23*t - 120. Is f(11) prime?
False
Suppose 77394971 = 268*l - 160144953. Is l a composite number?
True
Let d(l) = 480*l**2 - 3*l + 1. Let a be d(1). Suppose 3*b = a - 130. Suppose -g + 2*x + 1161 = 0, -4*g + x + 4521 = -b. Is g a prime number?
False
Let o(k) = -2*k + 41. Let y be o(16). Let z be (-234)/(-52)*4/y. Is (1112/8)/(z/6) prime?
False
Let j be (2 - 2) + (-25 - -28). Suppose -4*p + 15*g + 55800 = 11*g, j*p + 2*g - 41825 = 0. Is p composite?
True
Suppose -12*s = -72 - 96. Let f = s - 28. Is f/(-21)*(-3342)/(-4) prime?
True
Suppose 0 = -4*r, -240*z - 4*r + 69518 = -238*z. Is z composite?
False
Let g be 3 - (2/1*-1 + 0). Suppose -16 = -9*q + g*q. Suppose 1120 = 2*s - j, 0*s - 5*j = -q*s + 2246. Is s composite?
True
Let q be (-5)/4*(-67 - -7). Let x = 66 - 50. Let z = x + q. Is z composite?
True
Let q(b) be the third derivative of 1633*b**4/24 - 5*b**3/3 + 68*b**2. Is q(3) composite?
False
Let d be 4 + -5 + 24548 + -6. Let h = d - 5154. Is h a prime number?
True
Let a(i) = 827*i**2 + 212*i + 7637. Is a(-40) a prime number?
True
Let f be (-28)/(-70) - -114*(-3)/30. Let n(w) = -2*w**3 - 10*w**2 - 20*w - 41. Is n(f) composite?
True
Suppose -k + 4*l = 23, -3*l + 44 = -4*k + 17. Let m be -23*1 + k/9*-12. Let v(j) = -j**3 - 16*j**2 + 11*j + 37. Is v(m) composite?
False
Let f be 5474/10 - 4/10. Suppose 77*b - 429 = 187. Suppose -f = -b*r + 7*r. Is r a composite number?
False
Suppose 0 = 3*p + 976 + 7562. Let m = 6173 + p. Is m a composite number?
True
Is 22/(-6)*(-14485329)/417 a composite number?
True
Let w = -83344 + 344285. Is w a prime number?
True
Suppose -4*a + 0*l - 3*l = 29, 0 = 5*a - 4*l + 13. Is 1944 - (26/a + 24/120) composite?
False
Let j be 1/((-5)/(-13074)) + 1/5. Suppose -v - o + 857 = 2*o, -j = -3*v + 2*o. Suppose -3*x + 6519 = 5*p - v, 5913 = 4*p + 5*x. Is p composite?
True
Let f(a) = -10*a**3 - 3*a**2 - 4*a + 5. Let g(l) = l**3 + l**2 - 2*l + 1. Let m be g(0). Let q = -5 + m. Is f(q) a composite number?
False
Suppose 2 = -3*y + 2*d + 2*d, 2*d = -2. Let j be 28/14*(2 - y/4). Suppose j*g - 352 = 293. Is g a prime number?
False
Let b(s) = -41*s**2 - 206*s + 4. Let q(i) = -82*i**2 - 410*i + 7. Let m(y) = -5*b(y) + 2*q(y). Is m(23) a composite number?
False
Let f = -419230 + 641997. Is f a composite number?
True
Suppose -19*n - 128044 + 678079 = 26*n. Is n a composite number?
True
Let v be (5667/2)/(-8*(-6)/96). Let u = 10967 - v. Let h = -1315 + u. Is h a prime number?
False
Suppose 5*f = -4064 - 381. Suppose -4*w = -q - 2*q - 1668, -2220 = 4*q - 4*w. Let r = q - f. Is r composite?
False
Let d = -142 + 146. Suppose 3*v + 5*g = 2699, -13*v + d*g - 2695 = -16*v. Is v composite?
True
Suppose -2*k = -s - 3, k - 2*s - 6 = 3*k. Let f = 18 + -13. Suppose k = -f*t + 6*t - 869. Is t a prime number?
False
Suppose 80*c - 83*c = -5*t + 433261, -3*t = 4*c - 259945. Is t composite?
True
Let i be (-1 - 0)/((-5 + 2)/6). Suppose 0*r + 8 = 2*r, i*h - 5*r - 35086 = 0. Is h prime?
False
Suppose -2*i = -10, 4*r + r + i = 5. Suppose r = 34*a - 52200 - 33514. Is a composite?
False
Is -23 + 3614/156 + ((-159737)/(-6) - 0) prime?
False
Suppose -28 = 5*u - 7*u. Suppose -4 = u*o - 13*o. Is 2/2*o - -1887 a prime number?
False
Let o = -303855 + 437624. Is o prime?
True
Let j(g) = 17*g**2 + 4*g + 5. Let v(d) be the first derivative of d**3/3 + 15*d**2/2 - 12*d + 20. Let r be v(-16). Is j(r) a composite number?
False
Suppose -h - 5*n = 4*h + 19405, 3*h = 3*n - 11631. Let k = h - -7334. Is k prime?
False
Let l(i) = 71274*i + 4067. Is l(13) a prime number?
False
Suppose 0 = 5*l + 3*f - 2, 3*l + 7 = 5*l - 5*f. Let n(m) be the third derivative of 59*m**6/40 - m**4/24 + m**3/3 - 2*m**2. Is n(l) composite?
True
Suppose -32 = -4*q - 3*n, 0 = 2*q + 5*n - 2 - 0. Suppose q*o - 5*o - 4416 = 0. Suppose -h = -5*a + 7 + 1860, o = 2*a + 5*h. Is a a composite number?
False
Suppose 0 = 2*c + 4*a - 16, -10 = -5*a + 5. Suppose 4*x - 4 = -c*r, 2*r = r - x + 3. Suppose -2 - 76 = -r*g - 2*d, d = -3. Is g composite?
True
Let o be (30/10 + 3)*1/2. Suppose -21252 = -3*d - o*b, 0 = 3*d - b + 7214 - 28446. Is d a composite number?
False
Let s(b) = 222*b**2 + 44*b + 481. Is s(-10) prime?
False
Let s(y) = -3*y - 23. Let g be s(-5). Let l be 33/44*g/(-3). Suppose l*a = 89 + 197. Is a prime?
False
Let r be -15*((-2)/(-8))/((-10)/24). Let j = 13 - r. Suppose -j*w - 1495 = -5763. Is w composite?
True
Let v(z) = -2*z + 14. Let o be v(6). Suppose 3*f + f = 2*a - 40, -a - o*f + 32 = 0. Let t = a + -16. Is t composite?
True
Let d(b) = -247*b - 176. Let c(o) = 498*o + 353. Let r(t) = -3*c(t) - 7*d(t). Is r(28) composite?
True
Let j(p) be th